 17?
13
What is the remainder when 42 is divided by 13?
3
What is the remainder when 693 is divided by 16?
5
Calculate the remainder when 1251 is divided by 179.
177
What is the remainder when 122 is divided by 16?
10
What is the remainder when 3152 is divided by 289?
262
Calculate the remainder when 168 is divided by 32.
8
Calculate the remainder when 1280 is divided by 49.
6
Calculate the remainder when 130 is divided by 24.
10
What is the remainder when 179 is divided by 30?
29
Calculate the remainder when 655 is divided by 72.
7
Calculate the remainder when 369 is divided by 93.
90
Calculate the remainder when 248 is divided by 123.
2
Calculate the remainder when 4255 is divided by 251.
239
What is the remainder when 558 is divided by 53?
28
What is the remainder when 5437 is divided by 160?
157
What is the remainder when 29 is divided by 19?
10
Calculate the remainder when 53 is divided by 42.
11
What is the remainder when 559 is divided by 12?
7
Calculate the remainder when 694 is divided by 297.
100
Calculate the remainder when 439 is divided by 13.
10
Calculate the remainder when 2092 is divided by 688.
28
What is the remainder when 18269 is divided by 105?
104
Calculate the remainder when 333 is divided by 38.
29
What is the remainder when 11 is divided by 2?
1
What is the remainder when 86 is divided by 44?
42
Calculate the remainder when 305 is divided by 291.
14
What is the remainder when 107 is divided by 27?
26
What is the remainder when 283 is divided by 26?
23
What is the remainder when 83 is divided by 28?
27
What is the remainder when 8782 is divided by 2926?
4
Calculate the remainder when 2118 is divided by 106.
104
What is the remainder when 219 is divided by 22?
21
Calculate the remainder when 293 is divided by 214.
79
What is the remainder when 260 is divided by 12?
8
What is the remainder when 2674 is divided by 26?
22
Calculate the remainder when 489 is divided by 29.
25
What is the remainder when 274 is divided by 259?
15
What is the remainder when 76 is divided by 20?
16
Calculate the remainder when 917 is divided by 102.
101
What is the remainder when 224 is divided by 25?
24
What is the remainder when 326 is divided by 3?
2
What is the remainder when 5639 is divided by 50?
39
Calculate the remainder when 236 is divided by 23.
6
What is the remainder when 261 is divided by 44?
41
What is the remainder when 51 is divided by 29?
22
Calculate the remainder when 148 is divided by 42.
22
What is the remainder when 584 is divided by 213?
158
Calculate the remainder when 233 is divided by 20.
13
What is the remainder when 101 is divided by 4?
1
Calculate the remainder when 172 is divided by 35.
32
Calculate the remainder when 1778 is divided by 178.
176
Calculate the remainder when 170 is divided by 76.
18
Calculate the remainder when 144 is divided by 21.
18
Calculate the remainder when 1168 is divided by 28.
20
Calculate the remainder when 913 is divided by 301.
10
What is the remainder when 458 is divided by 149?
11
What is the remainder when 128 is divided by 54?
20
What is the remainder when 120 is divided by 2?
0
Calculate the remainder when 64 is divided by 26.
12
Calculate the remainder when 144 is divided by 49.
46
What is the remainder when 753 is divided by 13?
12
Calculate the remainder when 72 is divided by 45.
27
Calculate the remainder when 10943 is divided by 114.
113
Calculate the remainder when 6015 is divided by 43.
38
Calculate the remainder when 120 is divided by 29.
4
Calculate the remainder when 110 is divided by 16.
14
Calculate the remainder when 306 is divided by 34.
0
Calculate the remainder when 1572 is divided by 105.
102
Calculate the remainder when 26 is divided by 5.
1
What is the remainder when 121 is divided by 65?
56
Calculate the remainder when 73 is divided by 29.
15
What is the remainder when 80 is divided by 15?
5
Calculate the remainder when 963 is divided by 21.
18
What is the remainder when 834 is divided by 410?
14
Calculate the remainder when 439 is divided by 63.
61
Calculate the remainder when 49 is divided by 20.
9
What is the remainder when 986 is divided by 318?
32
What is the remainder when 138 is divided by 50?
38
Calculate the remainder when 228 is divided by 73.
9
What is the remainder when 17 is divided by 2?
1
What is the remainder when 404 is divided by 29?
27
Calculate the remainder when 207 is divided by 14.
11
Calculate the remainder when 22 is divided by 12.
10
Calculate the remainder when 47 is divided by 27.
20
Calculate the remainder when 313 is divided by 54.
43
What is the remainder when 25679 is divided by 12?
11
Calculate the remainder when 423 is divided by 222.
201
What is the remainder when 485 is divided by 126?
107
What is the remainder when 317 is divided by 82?
71
What is the remainder when 594 is divided by 143?
22
Calculate the remainder when 7202 is divided by 17.
11
What is the remainder when 106 is divided by 27?
25
Calculate the remainder when 3693 is divided by 308.
305
What is the remainder when 634 is divided by 12?
10
What is the remainder when 75 is divided by 10?
5
Calculate the remainder when 220 is divided by 194.
26
Calculate the remainder when 98 is divided by 96.
2
What is the remainder when 81 is divided by 57?
24
Calculate the remainder when 72 is divided by 44.
28
What is the remainder when 235 is divided by 17?
14
Calculate the remainder when 1465 is divided by 134.
125
Calculate the remainder when 1402 is divided by 45.
7
Calculate the remainder when 639 is divided by 31.
19
What is the remainder when 124 is divided by 18?
16
What is the remainder when 2926 is divided by 122?
120
What is the remainder when 1257 is divided by 177?
18
What is the remainder when 11 is divided by 3?
2
Calculate the remainder when 592 is divided by 276.
40
What is the remainder when 447 is divided by 64?
63
Calculate the remainder when 2195 is divided by 15.
5
Calculate the remainder when 71 is divided by 38.
33
Calculate the remainder when 636 is divided by 71.
68
Calculate the remainder when 54 is divided by 16.
6
Calculate the remainder when 561 is divided by 115.
101
What is the remainder when 4399 is divided by 55?
54
What is the remainder when 930 is divided by 55?
50
What is the remainder when 118 is divided by 20?
18
What is the remainder when 2268 is divided by 35?
28
Calculate the remainder when 86 is divided by 11.
9
What is the remainder when 987 is divided by 271?
174
Calculate the remainder when 386 is divided by 131.
124
Calculate the remainder when 61 is divided by 23.
15
Calculate the remainder when 2703 is divided by 44.
19
What is the remainder when 2573 is divided by 103?
101
What is the remainder when 159 is divided by 42?
33
What is the remainder when 49979 is divided by 35?
34
Calculate the remainder when 333 is divided by 56.
53
What is the remainder when 819 is divided by 213?
180
Calculate the remainder when 1604 is divided by 450.
254
What is the remainder when 604 is divided by 121?
120
Calculate the remainder when 205 is divided by 94.
17
What is the remainder when 3058 is divided by 204?
202
Calculate the remainder when 360 is divided by 12.
0
What is the remainder when 11132 is divided by 174?
170
What is the remainder when 278 is divided by 98?
82
Calculate the remainder when 312 is divided by 16.
8
Calculate the remainder when 1509 is divided by 12.
9
Calculate the remainder when 82 is divided by 31.
20
Calculate the remainder when 1015 is divided by 144.
7
Calculate the remainder when 313 is divided by 114.
85
Calculate the remainder when 11 is divided by 1.
0
What is the remainder when 724 is divided by 32?
20
What is the remainder when 2522 is divided by 807?
101
What is the remainder when 108 is divided by 68?
40
What is the remainder when 521 is divided by 8?
1
Calculate the remainder when 381 is divided by 16.
13
Calculate the remainder when 273 is divided by 146.
127
Calculate the remainder when 254 is divided by 17.
16
What is the remainder when 105 is divided by 18?
15
Calculate the remainder when 772 is divided by 192.
4
What is the remainder when 556 is divided by 31?
29
What is the remainder when 689 is divided by 29?
22
What is the remainder when 108 is divided by 14?
10
What is the remainder when 443